
In base 11, what is 0 + -67a?
-67a
In base 2, what is 1001 + -110011?
-101010
In base 6, what is 5 - 12231?
-12222
In base 3, what is -10 + 10010111?
10010101
In base 15, what is -3a2 - 5?
-3a7
In base 6, what is -3 + 213?
210
In base 11, what is -7 - -116?
10a
In base 13, what is -2 - 28?
-2a
In base 4, what is 23321 - 2?
23313
In base 5, what is -303 - -14?
-234
In base 4, what is 10 - 3303?
-3233
In base 3, what is -1022020 - -11?
-1022002
In base 6, what is 4 + -50?
-42
In base 10, what is 156 + -67?
89
In base 12, what is 3 - 10?
-9
In base 14, what is -ac4 + -2?
-ac6
In base 15, what is -2 + b?
9
In base 5, what is -11 - -3233?
3222
In base 9, what is 24 - 4?
20
In base 15, what is 3 - 48b?
-488
In base 8, what is -1406 - 4?
-1412
In base 11, what is 5 - 4?
1
In base 5, what is 1243 + -1?
1242
In base 4, what is -310012 - -3?
-310003
In base 12, what is a + -4b?
-41
In base 11, what is -7 - 151?
-158
In base 13, what is -5 + 129?
124
In base 7, what is -5 - 30020?
-30025
In base 4, what is 11 + -321332?
-321321
In base 16, what is 1 - 4b6?
-4b5
In base 11, what is -6 - -a5?
9a
In base 16, what is -10 - 15?
-25
In base 13, what is 3 + -13?
-10
In base 3, what is -21212 + -2?
-21221
In base 7, what is -34 - -3?
-31
In base 13, what is -14 + 34?
20
In base 8, what is 217 - 1?
216
In base 8, what is -11 - -6?
-3
In base 2, what is 1 + 1010111110010?
1010111110011
In base 8, what is -6271 + -3?
-6274
In base 10, what is -917 - -1?
-916
In base 8, what is -37 - -2?
-35
In base 5, what is -2 - 1104?
-1111
In base 2, what is -110 - -1001111?
1001001
In base 5, what is -100431 - -1?
-100430
In base 14, what is -270 + -1?
-271
In base 2, what is 100 - 1001001?
-1000101
In base 9, what is -7722 + 4?
-7717
In base 12, what is -2a9 + 2?
-2a7
In base 14, what is -12b - -1?
-12a
In base 7, what is -11 + -41?
-52
In base 10, what is -16 + 101?
85
In base 3, what is 1121002 + -100?
1120202
In base 12, what is 2 + 33?
35
In base 16, what is -2 + -c30?
-c32
In base 11, what is -2 - 245?
-247
In base 14, what is 1c1a + 5?
1c21
In base 3, what is 0 + 1111222?
1111222
In base 15, what is d6 - -9?
e0
In base 5, what is -330 - 1220?
-2100
In base 6, what is 1 - 101?
-100
In base 4, what is 12323 + -2?
12321
In base 8, what is 13 + -71?
-56
In base 2, what is 10 - -10011101110?
10011110000
In base 13, what is 1 - -34c?
350
In base 3, what is -200 - -1101?
201
In base 14, what is -4 - -c9?
c5
In base 2, what is -1000010 - 1111?
-1010001
In base 5, what is 14 + 4224?
4243
In base 10, what is 2116 + -1?
2115
In base 9, what is -2 + 215?
213
In base 6, what is 3 + -20411?
-20404
In base 14, what is 1198 + 1?
1199
In base 15, what is 6 + 22?
28
In base 11, what is a + -738?
-729
In base 4, what is 2 + 1030033?
1030101
In base 4, what is -30122020 + 3?
-30122011
In base 9, what is -83 - -16?
-66
In base 7, what is -450 + -10?
-460
In base 8, what is -573 - 3?
-576
In base 4, what is 2123 - 11?
2112
In base 10, what is 0 + 6?
6
In base 15, what is 0 - -153?
153
In base 8, what is 4 + 355?
361
In base 10, what is -9 + 30?
21
In base 8, what is -265 + 2?
-263
In base 16, what is -3 - 572?
-575
In base 10, what is -645 + 4?
-641
In base 6, what is 2 - 3500?
-3454
In base 15, what is -44 - 9?
-4d
In base 12, what is 14 + -140?
-128
In base 13, what is -2 - 4c?
-51
In base 12, what is 4a3 + -5?
49a
In base 10, what is 4 - 53?
-49
In base 3, what is -1021 + -20?
-1111
In base 12, what is 330 + 0?
330
In base 3, what is -102221 + -10?
-110001
In base 7, what is -1025 - 10?
-1035
In base 6, what is 5 - -31555?
32004
In base 13, what is -a02 + 0?
-a02
In base 2, what is -1001 - 100?
-1101
In base 7, what is -13 + 3130?
3114
In base 16, what is 500 - -5?
505
In base 7, what is 2060 + 3?
2063
In base 8, what is -1463 + -4?
-1467
In base 9, what is 40 - 74?
-34
In base 2, what is 100011 - 10010?
10001
In base 10, what is 437 + -3?
434
In base 11, what is -11a + 0?
-11a
In base 4, what is -101 + -1021?
-1122
In base 3, what is -12 + -11?
-100
In base 8, what is 1652 - -4?
1656
In base 16, what is -12 - 1c?
-2e
In base 10, what is -429 - -15?
-414
In base 14, what is 56 - -2?
58
In base 4, what is -103 + -23?
-132
In base 16, what is -5 - 14?
-19
In base 13, what is 2 - -a?
c
In base 6, what is 255 + 4?
303
In base 16, what is -3 + 320?
31d
In base 5, what is -2 + 100104?
100102
In base 14, what is 1d + 22c?
24b
In base 3, what is 110210212 + 2?
110210221
In base 13, what is -2 + 88?
86
In base 2, what is -110 - -1001101?
1000111
In base 6, what is -30311 + 4?
-30303
In base 7, what is -6 - -1310?
1301
In base 13, what is -2c0 + -8?
-2c8
In base 2, what is -101 - -101010010001?
101010001100
In base 12, what is -62 - 49?
-ab
In base 13, what is 473 + -16?
45a
In base 2, what is -1100101101101 - -101?
-1100101101000
In base 10, what is 11066 - 3?
11063
In base 2, what is -1010 - 1110001111?
-1110011001
In base 3, what is 12 - 110011011?
-110010222
In base 10, what is 338 - 26?
312
In base 2, what is 11 - 1001011?
-1001000
In base 14, what is -34c + -4?
-352
In base 3, what is 10 + 1?
11
In base 14, what is 4 - -a9?
ad
In base 13, what is -1043 + 1?
-1042
In base 6, what is 341 + -4?
333
In base 16, what is 373e + -5?
3739
In base 4, what is 32033 - -1?
32100
In base 2, what is -10100000110 + 1001?
-10011111101
In base 8, what is 2702 + 1?
2703
In base 8, what is -66 - -10?
-56
In base 10, what is -242 - 5?
-247
In base 7, what is -350 - 141?
-521
In base 10, what is -13 - 2?
-15
In base 15, what is -a4 + 5?
-9e
In base 11, what is 9 - -913?
921
In base 3, what is -12 - 1201?
-1220
In base 9, what is -5 - 40?
-45
In base 8, what is 17536 + 5?
17543
In base 7, what is 1 + 1266?
1300
In base 15, what is 3 + 1242?
1245
In base 5, what is -244 + 3?
-241
In base 7, what is 2 + 200?
202
In base 6, what is -5 + -50?
-55
In base 8, what is -2 - -356?
354
In base 4, what is 20030 + 0?
20030
In base 13, what is 218 - 14?
204
In base 6, what is 3 - 502?
-455
In base 4, what is 2 - -22110?
22112
In base 7, what is 121 + 0?
121
In base 4, what is 2023 + -2?
2021
In base 11, what is -3 - 8?
-10
In base 16, what is -112 - -4?
-10e
In base 11, what is -5a - 11?
-70
In base 15, what is 1e - 13?
b
In base 9, what is -2 + -105?
-107
In base 12, what is -b + -6?
-15
In base 11, what is 21 + 66?
87
In base 11, what is -3 - 1526?
-1529
In base 12, what is -4b9 + -3?
-500
In base 14, what is -248 - -a?
-23c
In base 4, what is -1 - -122203?
122202
In base 11, what is 6 + 3?
9
In base 2, what is 101 + -100010?
-11101
In base 14, what is -10 - 18?
-28
In base 9, what is -1 - 8?
-10
In base 12, what is 3 + 1072?
1075
In base 2, what is -11 + 110100?
110001
In base 15, what is 19 + -24?
-a
In base 15, what is 18 + 120?
138
In base 4, what is -1301 - 23?
-1330
In base 8, what is 0 + -1316?
-1316
In base 11, what is 1285 + 4?
1289
In base 12, what is -15 - 3?
-18
In base 8, what is -1 + -222?
-223
In base 7, what is -3 - -103?
100
In base 6, what is 4 - 34?
-30
In base 12, what is -17 - -40?
25
In base 12, what is 14a + 1a?
168
In base 3, what is -2102 - 212?
-10021
In base 7, what is 3 + 112?
115
In base 13, what is -47b - -1?
-47a
In base 5, what is 110 - -103?
213
In base 14, what is 3 - -2a?
2d
In base 4, what is 113 - -2?
121
In base 16, what is -177 - 4?
-17b
In base 14, what is 64 - -7?
6b
In base 10, what is 34 - 5?
29
In base 6, what is -2 - 310?
-312
In base 10, what is -700 + 5?
-695
In base 2, what is -10 + 10110101?
10110011
In base 5, what is 2 + 1201?
1203
In base 4, what is -10 + -123221?
-123231
In base 10, what is 1922 - 2?
1920
In base 10, what is 4 - -228?
232
In base 4, what is 3 + -1211?
-1202
In base 10, what is -5 - 757?
-762
In base 5, what is 313423 - 10?
313413
In base 8, what is -44773 + 1?
-44772
In base 8, what is -4 + 606?
602
In base 11, what is -4 + 2914?
2910
In base 16, what is 54b + 0?
54b
In base 11, what is -2 - -23?
21
In base 10, what is 264 - -2?
266
In base 9, what is 1267 - 1?
1266
In base 6, what is -50 - 2?
-52
In base 14, what is 107 + 2?
109
In base 7, what is -2 + 63?
61
In base 2, what is 11111 - -10000?
101111
In base 3, what is -20101 + 202?
-12122
In base 10, what is -213 - -2?
-211
In base 11, what is 36 + 0?
36
In base 2, what is 10 - 11010?
-11000
In base